{"id":103,"date":"2015-01-24T11:55:34","date_gmt":"2015-01-24T10:55:34","guid":{"rendered":"http:\/\/ldh-kalibrierservice.de\/?page_id=103"},"modified":"2025-09-26T09:03:39","modified_gmt":"2025-09-26T08:03:39","slug":"messplaetze","status":"publish","type":"page","link":"https:\/\/ldh-kalibrierservice.de\/?page_id=103","title":{"rendered":"Messplatzauswahl"},"content":{"rendered":"\n<h2 class=\"wp-block-heading\">Messplatzauswahl<\/h2>\n\n\n\n<h3 class=\"wp-block-heading\">Multimeter<\/h3>\n\n\n\n<div class=\"wp-block-columns are-vertically-aligned-center is-layout-flex wp-container-3\">\n<div class=\"wp-block-column is-vertically-aligned-center is-layout-flow\" style=\"flex-basis:50%\">\n<figure class=\"wp-block-image size-full\"><a href=\"https:\/\/ldh-kalibrierservice.de\/wp-content\/uploads\/2025\/09\/Multimeter.jpg\"><img decoding=\"async\" loading=\"lazy\" width=\"1024\" height=\"682\" src=\"https:\/\/ldh-kalibrierservice.de\/wp-content\/uploads\/2025\/09\/Multimeter.jpg\" alt=\"\" class=\"wp-image-1243\" srcset=\"https:\/\/ldh-kalibrierservice.de\/wp-content\/uploads\/2025\/09\/Multimeter.jpg 1024w, https:\/\/ldh-kalibrierservice.de\/wp-content\/uploads\/2025\/09\/Multimeter-300x200.jpg 300w, https:\/\/ldh-kalibrierservice.de\/wp-content\/uploads\/2025\/09\/Multimeter-768x512.jpg 768w\" sizes=\"(max-width: 1024px) 100vw, 1024px\" \/><\/a><\/figure>\n<\/div>\n\n\n\n<div class=\"wp-block-column is-vertically-aligned-center is-layout-flow\" style=\"flex-basis:50%\">\n<p>Die Firma LDH bietet die Kalibrierung und Justage von Analogmultimetern, Handmultimetern und hochaufl\u00f6senden Tischmultimetern der unterschiedlichsten Hersteller an. F\u00fcr die Kalibrierung werden mehrere Kalibratoren des Herstellers FLUKE eingesetzt. Durch den Einsatz entsprechender Software und den erstellten Kalibrierroutinen k\u00f6nnen die Ger\u00e4te halbautomatisch bzw. vollautomatisch \u00fcber die verschiedensten Schnittstellen (GPIB, RS232, USB, LAN, u.v.m.) kalibriert werden.<\/p>\n<\/div>\n<\/div>\n\n\n\n<h3 class=\"wp-block-heading\">Stromzangen, Leistung und Netzqualit\u00e4t<\/h3>\n\n\n\n<div class=\"wp-block-columns are-vertically-aligned-center is-layout-flex wp-container-6\">\n<div class=\"wp-block-column is-vertically-aligned-center is-layout-flow\" style=\"flex-basis:50%\">\n<p>F\u00fcr die Kalibrierung von Stromzangen wird der Multifunktionskalibrator Fluke 5520A\/5522A verwendet. Durch Zuhilfenahme von Zubeh\u00f6rspulen k\u00f6nnen Str\u00f6me bis 1000\u00a0A DC\/AC und unter zu Hilfenahme des Transkonduktanz-Verst\u00e4rkers 52120A sogar Str\u00f6me bis 6000\u00a0A generiert werden. Die dichte Anordnung der stromdurchflossenen Leiter macht eine indirekte Strommessung fast jeder Stromzange m\u00f6glich. Leistungsmesser sowie Netzanalysatoren k\u00f6nnen mit dem Multifunkionskalibrator ebenfalls kalibriert.<\/p>\n<\/div>\n\n\n\n<div class=\"wp-block-column is-vertically-aligned-center is-layout-flow\" style=\"flex-basis:50%\">\n<figure class=\"wp-block-image size-full\"><a href=\"https:\/\/ldh-kalibrierservice.de\/wp-content\/uploads\/2025\/09\/Stromzange-1.jpg\"><img decoding=\"async\" loading=\"lazy\" width=\"1024\" height=\"682\" src=\"https:\/\/ldh-kalibrierservice.de\/wp-content\/uploads\/2025\/09\/Stromzange-1.jpg\" alt=\"\" class=\"wp-image-1237\" srcset=\"https:\/\/ldh-kalibrierservice.de\/wp-content\/uploads\/2025\/09\/Stromzange-1.jpg 1024w, https:\/\/ldh-kalibrierservice.de\/wp-content\/uploads\/2025\/09\/Stromzange-1-300x200.jpg 300w, https:\/\/ldh-kalibrierservice.de\/wp-content\/uploads\/2025\/09\/Stromzange-1-768x512.jpg 768w\" sizes=\"(max-width: 1024px) 100vw, 1024px\" \/><\/a><\/figure>\n<\/div>\n<\/div>\n\n\n\n<h3 class=\"wp-block-heading\">Modulare Messsysteme<\/h3>\n\n\n\n<div class=\"wp-block-columns are-vertically-aligned-center is-layout-flex wp-container-9\">\n<div class=\"wp-block-column is-vertically-aligned-center is-layout-flow\" style=\"flex-basis:50%\">\n<figure class=\"wp-block-image size-full\"><a href=\"https:\/\/ldh-kalibrierservice.de\/wp-content\/uploads\/2015\/01\/Messplatz_NI.png\"><img decoding=\"async\" loading=\"lazy\" width=\"799\" height=\"472\" src=\"https:\/\/ldh-kalibrierservice.de\/wp-content\/uploads\/2015\/01\/Messplatz_NI.png\" alt=\"\" class=\"wp-image-359\" srcset=\"https:\/\/ldh-kalibrierservice.de\/wp-content\/uploads\/2015\/01\/Messplatz_NI.png 799w, https:\/\/ldh-kalibrierservice.de\/wp-content\/uploads\/2015\/01\/Messplatz_NI-300x177.png 300w\" sizes=\"(max-width: 799px) 100vw, 799px\" \/><\/a><\/figure>\n<\/div>\n\n\n\n<div class=\"wp-block-column is-vertically-aligned-center is-layout-flow\" style=\"flex-basis:50%\">\n<p>Die Firma LDH bietet auch die Kalibrierung von PC-basierter Messtechnik im Bereich der Pr\u00fcf-, Mess-, Steuer- und Automatisierung an. Hierf\u00fcr stehen verschiedene Grundger\u00e4te zur Verf\u00fcgung, welche den Betrieb von Messkarten nach dem PXI-\/PXIe-Standard erm\u00f6glicht. Nat\u00fcrlich werden auch Systeme des PCI-\/PCIe-Standards, sowie USB u.v.m. unterst\u00fctzt. Dies beinhaltet Module der Messdatenerfassung, Counter\/Timer, Digitalmultimeter, Oszilloskope, Signalgeneratoren, Netzteile, Source-Measure-Units (SMU) und viele mehr.<\/p>\n<\/div>\n<\/div>\n\n\n\n<h3 class=\"wp-block-heading\">Ger\u00e4tetechnik der elektrischen Sicherheit<\/h3>\n\n\n\n<div class=\"wp-block-columns are-vertically-aligned-center is-layout-flex wp-container-12\">\n<div class=\"wp-block-column is-vertically-aligned-center is-layout-flow\" style=\"flex-basis:50%\">\n<p>Ein zentraler Bestandteil f\u00fcr Kalibrierungen in diesem Bereich bildet der Multifunktionskalibrator Fluke 5322A. Dieser dient zur Kalibrierung einer breiten Palette von Ger\u00e4ten wie z.B. Isolationsmessger\u00e4te, Erdungswiderstandstester, Erdungsmessger\u00e4te, Netzimpendanz-\/Schleifenimpendanztester, Leckstromtester, Installationstester, RCD-Tester, Hochspannungstester u.v.m.<\/p>\n<\/div>\n\n\n\n<div class=\"wp-block-column is-vertically-aligned-center is-layout-flow\" style=\"flex-basis:50%\">\n<figure class=\"wp-block-image size-full\"><a href=\"https:\/\/ldh-kalibrierservice.de\/wp-content\/uploads\/2025\/09\/ElektrSicherheit-1.jpg\"><img decoding=\"async\" loading=\"lazy\" width=\"1024\" height=\"682\" src=\"https:\/\/ldh-kalibrierservice.de\/wp-content\/uploads\/2025\/09\/ElektrSicherheit-1.jpg\" alt=\"\" class=\"wp-image-1240\" srcset=\"https:\/\/ldh-kalibrierservice.de\/wp-content\/uploads\/2025\/09\/ElektrSicherheit-1.jpg 1024w, https:\/\/ldh-kalibrierservice.de\/wp-content\/uploads\/2025\/09\/ElektrSicherheit-1-300x200.jpg 300w, https:\/\/ldh-kalibrierservice.de\/wp-content\/uploads\/2025\/09\/ElektrSicherheit-1-768x512.jpg 768w\" sizes=\"(max-width: 1024px) 100vw, 1024px\" \/><\/a><\/figure>\n<\/div>\n<\/div>\n\n\n\n<h3 class=\"wp-block-heading\">Oszilloskope<\/h3>\n\n\n\n<div class=\"wp-block-columns are-vertically-aligned-center is-layout-flex wp-container-15\">\n<div class=\"wp-block-column is-vertically-aligned-center is-layout-flow\" style=\"flex-basis:50%\">\n<figure class=\"wp-block-image size-full\"><a href=\"https:\/\/ldh-kalibrierservice.de\/wp-content\/uploads\/2025\/09\/Oszilloskop-1.jpg\"><img decoding=\"async\" loading=\"lazy\" width=\"1024\" height=\"682\" src=\"https:\/\/ldh-kalibrierservice.de\/wp-content\/uploads\/2025\/09\/Oszilloskop-1.jpg\" alt=\"\" class=\"wp-image-1239\" srcset=\"https:\/\/ldh-kalibrierservice.de\/wp-content\/uploads\/2025\/09\/Oszilloskop-1.jpg 1024w, https:\/\/ldh-kalibrierservice.de\/wp-content\/uploads\/2025\/09\/Oszilloskop-1-300x200.jpg 300w, https:\/\/ldh-kalibrierservice.de\/wp-content\/uploads\/2025\/09\/Oszilloskop-1-768x512.jpg 768w\" sizes=\"(max-width: 1024px) 100vw, 1024px\" \/><\/a><\/figure>\n<\/div>\n\n\n\n<div class=\"wp-block-column is-vertically-aligned-center is-layout-flow\" style=\"flex-basis:50%\">\n<p>Mit diesem Messplatz besteht die M\u00f6glichkeit analoge sowie digitale Oszilloskope zu kalibrieren. F\u00fcr die Kalibrierung von digitalen Oszilloskopen werden i.d.R. automatisierte Kalibrierroutinen verwendet. Die Genauigkeit von Vertikal- und Horizontalablenkung sowie Frequenzgang werden mit Hilfe des Multifunktionskalibrators FLUKE 5520A\/5522A sowie verschiedener HF-Messtechnik ermittelt. Durch ger\u00e4tespezifische Software ist auch eine Kalibrierung von Embedded-Oszilloskopen (USB-PC Oszilloskope) m\u00f6glich.<\/p>\n<\/div>\n<\/div>\n\n\n\n<h3 class=\"wp-block-heading\">Hochfrequenz<\/h3>\n\n\n\n<div class=\"wp-block-columns are-vertically-aligned-center is-layout-flex wp-container-18\">\n<div class=\"wp-block-column is-vertically-aligned-center is-layout-flow\" style=\"flex-basis:50%\">\n<p>Dieser Messplatz besteht aus vielen hochwertigen Normalen, um auf dem Gebiet der Hochfrequenz eine Vielzahl von Kundenger\u00e4ten bearbeiten zu k\u00f6nnen. Er dient in der unterschiedlichsten Konfiguration dazu, Funktionsgeneratoren, Messempf\u00e4nger, Messsender, HF-Leistung, D\u00e4mpfung, Spektrumanalysatoren, Netzwerkanalysatoren, Modulation (analog\/digital), Funkmesspl\u00e4tze, EMV-Netznachbildungen, Koppelnetzwerke u.v.m. zu kalibrieren.<\/p>\n<\/div>\n\n\n\n<div class=\"wp-block-column is-vertically-aligned-center is-layout-flow\" style=\"flex-basis:50%\">\n<figure class=\"wp-block-image size-full\"><a href=\"https:\/\/ldh-kalibrierservice.de\/wp-content\/uploads\/2025\/09\/Hochfrequenz.jpg\"><img decoding=\"async\" loading=\"lazy\" width=\"1024\" height=\"682\" src=\"https:\/\/ldh-kalibrierservice.de\/wp-content\/uploads\/2025\/09\/Hochfrequenz.jpg\" alt=\"\" class=\"wp-image-1238\" srcset=\"https:\/\/ldh-kalibrierservice.de\/wp-content\/uploads\/2025\/09\/Hochfrequenz.jpg 1024w, https:\/\/ldh-kalibrierservice.de\/wp-content\/uploads\/2025\/09\/Hochfrequenz-300x200.jpg 300w, https:\/\/ldh-kalibrierservice.de\/wp-content\/uploads\/2025\/09\/Hochfrequenz-768x512.jpg 768w\" sizes=\"(max-width: 1024px) 100vw, 1024px\" \/><\/a><\/figure>\n<\/div>\n<\/div>\n\n\n\n<h3 class=\"wp-block-heading\">Z\u00e4hler und Zeitnormale<\/h3>\n\n\n\n<div class=\"wp-block-columns are-vertically-aligned-center is-layout-flex wp-container-21\">\n<div class=\"wp-block-column is-vertically-aligned-center is-layout-flow\" style=\"flex-basis:50%\">\n<figure class=\"wp-block-image size-full\"><a href=\"https:\/\/ldh-kalibrierservice.de\/wp-content\/uploads\/2025\/09\/Frequenz.jpg\"><img decoding=\"async\" loading=\"lazy\" width=\"1024\" height=\"682\" src=\"https:\/\/ldh-kalibrierservice.de\/wp-content\/uploads\/2025\/09\/Frequenz.jpg\" alt=\"\" class=\"wp-image-1245\" srcset=\"https:\/\/ldh-kalibrierservice.de\/wp-content\/uploads\/2025\/09\/Frequenz.jpg 1024w, https:\/\/ldh-kalibrierservice.de\/wp-content\/uploads\/2025\/09\/Frequenz-300x200.jpg 300w, https:\/\/ldh-kalibrierservice.de\/wp-content\/uploads\/2025\/09\/Frequenz-768x512.jpg 768w\" sizes=\"(max-width: 1024px) 100vw, 1024px\" \/><\/a><\/figure>\n<\/div>\n\n\n\n<div class=\"wp-block-column is-vertically-aligned-center is-layout-flow\" style=\"flex-basis:50%\">\n<p>Grundlage dieses Messplatzes ist ein GPS-gest\u00fctzter Rubidium-Oszillator. Somit ist, \u00fcber das US NAVSTAR Global Positioning System (GPS), eine direkte R\u00fcckf\u00fchrbarkeit an die koordinierte Weltzeit (UTC) gew\u00e4hrleistet. Dieser Standard verspricht eine Grundgenauigkeit von &lt; 1e\u207b\u00b9\u00b2. Mit Hilfe dieses Systems wird alle frequenzrelevante Messtechnike des Kalibrierlabors wie z.B. Frequenzz\u00e4hler, Signal-\/Funktionsgeneratoren, Synthesizer u.\u00e4. synchronisiert.<\/p>\n<\/div>\n<\/div>\n\n\n\n<h3 class=\"wp-block-heading\">Temperatur<\/h3>\n\n\n\n<div class=\"wp-block-columns are-vertically-aligned-center is-layout-flex wp-container-24\">\n<div class=\"wp-block-column is-vertically-aligned-center is-layout-flow\" style=\"flex-basis:50%\">\n<p>Die Kalibrierung von Temperatursensoren (Thermoelemente und Widerstandsthermometer) werden nach den aktuellsten DKD- Richtlinien in verschiedenen Temperaturb\u00e4dern sowie Temperatur-Blockkalibratoren mit SPRT\/ IPRT &#8211; Thermometern durchgef\u00fchrt. Es besteht die M\u00f6glichkeit die Sensoren direktanzeigend (in Messkette mit einem Anzeigeger\u00e4t) sowie nicht- direktanzeigend in einem Temperaturbereich von -95&nbsp;\u2026&nbsp;+&nbsp;660&nbsp;\u00b0C zu kalibrieren. Der Multifunktionskalibrator Fluke 5520A\/5522A bietet die M\u00f6glichkeit einer Temperatursimulation diverser Anzeigeger\u00e4te. Temperatur-Blockkalibratoren (nach aktuellster DKD-Richtlinie) sowie Temperaturb\u00e4der k\u00f6nnen durch unsere SPRT\/ IPRT \u2013 Thermometer kalibriert\/charakterisiert werden.<\/p>\n<\/div>\n\n\n\n<div class=\"wp-block-column is-vertically-aligned-center is-layout-flow\" style=\"flex-basis:50%\">\n<figure class=\"wp-block-image size-full\"><a href=\"https:\/\/ldh-kalibrierservice.de\/wp-content\/uploads\/2025\/09\/Temperatur.jpg\"><img decoding=\"async\" loading=\"lazy\" width=\"1024\" height=\"682\" src=\"https:\/\/ldh-kalibrierservice.de\/wp-content\/uploads\/2025\/09\/Temperatur.jpg\" alt=\"\" class=\"wp-image-1229\" srcset=\"https:\/\/ldh-kalibrierservice.de\/wp-content\/uploads\/2025\/09\/Temperatur.jpg 1024w, https:\/\/ldh-kalibrierservice.de\/wp-content\/uploads\/2025\/09\/Temperatur-300x200.jpg 300w, https:\/\/ldh-kalibrierservice.de\/wp-content\/uploads\/2025\/09\/Temperatur-768x512.jpg 768w\" sizes=\"(max-width: 1024px) 100vw, 1024px\" \/><\/a><\/figure>\n<\/div>\n<\/div>\n\n\n\n<h3 class=\"wp-block-heading\">Relative Luftfeuchte und Lufttemperatur<\/h3>\n\n\n\n<div class=\"wp-block-columns are-vertically-aligned-center is-layout-flex wp-container-27\">\n<div class=\"wp-block-column is-vertically-aligned-center is-layout-flow\" style=\"flex-basis:50%\">\n<figure class=\"wp-block-image size-full\"><a href=\"https:\/\/ldh-kalibrierservice.de\/wp-content\/uploads\/2025\/09\/Feuchte.jpg\"><img decoding=\"async\" loading=\"lazy\" width=\"1024\" height=\"682\" src=\"https:\/\/ldh-kalibrierservice.de\/wp-content\/uploads\/2025\/09\/Feuchte.jpg\" alt=\"\" class=\"wp-image-1242\" srcset=\"https:\/\/ldh-kalibrierservice.de\/wp-content\/uploads\/2025\/09\/Feuchte.jpg 1024w, https:\/\/ldh-kalibrierservice.de\/wp-content\/uploads\/2025\/09\/Feuchte-300x200.jpg 300w, https:\/\/ldh-kalibrierservice.de\/wp-content\/uploads\/2025\/09\/Feuchte-768x512.jpg 768w\" sizes=\"(max-width: 1024px) 100vw, 1024px\" \/><\/a><\/figure>\n<\/div>\n\n\n\n<div class=\"wp-block-column is-vertically-aligned-center is-layout-flow\" style=\"flex-basis:50%\">\n<p>Die Kalibrierung von kapazitiven Temperatur-\/Feuchtesensoren wird nach aktuellster DKD- Richtlinie im Temperatur-\/Feuchte-Mischgenerator HG2 von rotronic durchgef\u00fchrt. Als Referenznormal dient ein Taupunkthygrometer inkl. Taupunktspiegel von MBW. Ein Messbereich von 0&nbsp;\u2026&nbsp;60&nbsp;\u00b0C sowie 5&nbsp;\u2026&nbsp;95&nbsp;% kann realisiert werden. Weiterhin besteht die M\u00f6glichkeit kleinere Datenlogger in den Mischgenerator einzubringen.<\/p>\n<\/div>\n<\/div>\n","protected":false},"excerpt":{"rendered":"<p>Messplatzauswahl Multimeter Die Firma LDH bietet die Kalibrierung und Justage von Analogmultimetern, Handmultimetern und hochaufl\u00f6senden Tischmultimetern der unterschiedlichsten Hersteller an. F\u00fcr die Kalibrierung werden mehrere Kalibratoren des Herstellers FLUKE eingesetzt. Durch den Einsatz entsprechender Software und den erstellten Kalibrierroutinen k\u00f6nnen die Ger\u00e4te halbautomatisch bzw. vollautomatisch \u00fcber die verschiedensten Schnittstellen (GPIB,<\/p>\n","protected":false},"author":1,"featured_media":0,"parent":0,"menu_order":0,"comment_status":"closed","ping_status":"open","template":"","meta":[],"_links":{"self":[{"href":"https:\/\/ldh-kalibrierservice.de\/index.php?rest_route=\/wp\/v2\/pages\/103"}],"collection":[{"href":"https:\/\/ldh-kalibrierservice.de\/index.php?rest_route=\/wp\/v2\/pages"}],"about":[{"href":"https:\/\/ldh-kalibrierservice.de\/index.php?rest_route=\/wp\/v2\/types\/page"}],"author":[{"embeddable":true,"href":"https:\/\/ldh-kalibrierservice.de\/index.php?rest_route=\/wp\/v2\/users\/1"}],"replies":[{"embeddable":true,"href":"https:\/\/ldh-kalibrierservice.de\/index.php?rest_route=%2Fwp%2Fv2%2Fcomments&post=103"}],"version-history":[{"count":75,"href":"https:\/\/ldh-kalibrierservice.de\/index.php?rest_route=\/wp\/v2\/pages\/103\/revisions"}],"predecessor-version":[{"id":1275,"href":"https:\/\/ldh-kalibrierservice.de\/index.php?rest_route=\/wp\/v2\/pages\/103\/revisions\/1275"}],"wp:attachment":[{"href":"https:\/\/ldh-kalibrierservice.de\/index.php?rest_route=%2Fwp%2Fv2%2Fmedia&parent=103"}],"curies":[{"name":"wp","href":"https:\/\/api.w.org\/{rel}","templated":true}]}}