{"id":113,"date":"2015-01-24T11:57:21","date_gmt":"2015-01-24T10:57:21","guid":{"rendered":"http:\/\/ldh-kalibrierservice.de\/?page_id=113"},"modified":"2015-02-12T14:55:58","modified_gmt":"2015-02-12T13:55:58","slug":"pruefmittelfaehigkeitmsa","status":"publish","type":"page","link":"https:\/\/ldh-kalibrierservice.de\/?page_id=113","title":{"rendered":"Pr\u00fcfmittelf\u00e4higkeit \/ MSA"},"content":{"rendered":"<p>&nbsp;<\/p>\n<p style=\"text-align: justify;\">Die LDH bietet auch die Unterst\u00fctzung\u00a0von <strong>M<\/strong>ess<strong>S<\/strong>ystem<strong>A<\/strong>nalysen bei Kunden, um eventuelle Qualit\u00e4tsm\u00e4ngel in der Produktion herauszufinden und zu beseitigen. In Abstimmung mit dem Kunden werden\u00a0die gew\u00fcnschten MSA in einem Pflichtenheft\u00a0 erarbeitet\u00a0und dann\u00a0in der Produktion nach Terminabsprache durchgef\u00fchrt.<\/p>\n<p style=\"text-align: justify;\">Es wird nach drei Verfahren der F\u00e4higkeitsnachweis ermittelt. Hierbei wird die Anforderung des\u00a0verwendeten Pr\u00fcfmittels bzw. Messsystems gepr\u00fcft, der Einfluss des Bedienpersonals analysiert\u00a0und die automatisierte Messeinrichtung, bezogen auf die\u00a0Qualit\u00e4tsanforderung an das Produkt, bewertet.\u00a0Die Pr\u00fcfmittelf\u00e4higkeit wird \u00fcber die Wiederholbarkeit oder Vergleichbarkeit der Spannweiten-Methode ermittelt.\u00a0In der Auswertung sind dann unter anderem die Punkte, wie Toleranz, Genauigkeit, Messbest\u00e4ndigkeit, Messbereich und Aufl\u00f6sung zu ber\u00fccksichtigen.\u00a0Ein abschlie\u00dfendes Protokoll gibt dann einen Aufschluss \u00fcber die F\u00e4higkeit der eingesetzten\u00a0Mess- und Pr\u00fcfmittel.\u00a0\u00a0Daraufhin muss dann entschieden werden, ob\u00a0Ma\u00dfnahmen zu ergreifen sind, um M\u00e4ngel\u00a0am Produkt zu beseitigen. Durch solch eine\u00a0MSA kann\u00a0die\u00a0Sicherstellung der geforderten Qualit\u00e4t des Produktes erreicht werden.<\/p>\n<p style=\"text-align: justify;\"><strong>Fordern Sie unser Know How!<\/strong><\/p>\n","protected":false},"excerpt":{"rendered":"<p>&nbsp; Die LDH bietet auch die Unterst\u00fctzung\u00a0von MessSystemAnalysen bei Kunden, um eventuelle Qualit\u00e4tsm\u00e4ngel in der Produktion herauszufinden und zu beseitigen. In Abstimmung mit dem Kunden werden\u00a0die gew\u00fcnschten MSA in einem Pflichtenheft\u00a0 erarbeitet\u00a0und dann\u00a0in der Produktion nach Terminabsprache durchgef\u00fchrt. Es wird nach drei Verfahren der F\u00e4higkeitsnachweis ermittelt. Hierbei wird die Anforderung<\/p>\n","protected":false},"author":1,"featured_media":0,"parent":0,"menu_order":0,"comment_status":"closed","ping_status":"open","template":"","meta":[],"_links":{"self":[{"href":"https:\/\/ldh-kalibrierservice.de\/index.php?rest_route=\/wp\/v2\/pages\/113"}],"collection":[{"href":"https:\/\/ldh-kalibrierservice.de\/index.php?rest_route=\/wp\/v2\/pages"}],"about":[{"href":"https:\/\/ldh-kalibrierservice.de\/index.php?rest_route=\/wp\/v2\/types\/page"}],"author":[{"embeddable":true,"href":"https:\/\/ldh-kalibrierservice.de\/index.php?rest_route=\/wp\/v2\/users\/1"}],"replies":[{"embeddable":true,"href":"https:\/\/ldh-kalibrierservice.de\/index.php?rest_route=%2Fwp%2Fv2%2Fcomments&post=113"}],"version-history":[{"count":9,"href":"https:\/\/ldh-kalibrierservice.de\/index.php?rest_route=\/wp\/v2\/pages\/113\/revisions"}],"predecessor-version":[{"id":332,"href":"https:\/\/ldh-kalibrierservice.de\/index.php?rest_route=\/wp\/v2\/pages\/113\/revisions\/332"}],"wp:attachment":[{"href":"https:\/\/ldh-kalibrierservice.de\/index.php?rest_route=%2Fwp%2Fv2%2Fmedia&parent=113"}],"curies":[{"name":"wp","href":"https:\/\/api.w.org\/{rel}","templated":true}]}}