{"id":115,"date":"2015-01-24T11:57:48","date_gmt":"2015-01-24T10:57:48","guid":{"rendered":"http:\/\/ldh-kalibrierservice.de\/?page_id=115"},"modified":"2025-01-31T08:54:34","modified_gmt":"2025-01-31T07:54:34","slug":"schulung","status":"publish","type":"page","link":"https:\/\/ldh-kalibrierservice.de\/?page_id=115","title":{"rendered":"Schulung"},"content":{"rendered":"\n<h3 class=\"wp-block-heading\">Schulung<\/h3>\n\n\n\n<div class=\"wp-block-columns is-layout-flex wp-container-3\">\n<div class=\"wp-block-column is-layout-flow\" style=\"flex-basis:33.33%\">\n<figure class=\"wp-block-image size-full\"><a href=\"https:\/\/ldh-kalibrierservice.de\/wp-content\/uploads\/2025\/01\/Schulung.jpg\"><img decoding=\"async\" loading=\"lazy\" width=\"1024\" height=\"682\" src=\"https:\/\/ldh-kalibrierservice.de\/wp-content\/uploads\/2025\/01\/Schulung.jpg\" alt=\"\" class=\"wp-image-1177\" srcset=\"https:\/\/ldh-kalibrierservice.de\/wp-content\/uploads\/2025\/01\/Schulung.jpg 1024w, https:\/\/ldh-kalibrierservice.de\/wp-content\/uploads\/2025\/01\/Schulung-300x200.jpg 300w, https:\/\/ldh-kalibrierservice.de\/wp-content\/uploads\/2025\/01\/Schulung-768x512.jpg 768w\" sizes=\"(max-width: 1024px) 100vw, 1024px\" \/><\/a><\/figure>\n<\/div>\n\n\n\n<div class=\"wp-block-column is-layout-flow\" style=\"flex-basis:66.66%\">\n<p>Durch die langj\u00e4hrige Erfahrung der&nbsp;Mitarbeiter der LDH bieten wir auch Schulungen im Rahmen des Messwesens&nbsp;an.&nbsp;Es werden&nbsp;vorrangig die Themen von Messverfahren, Einsatz von Messtechnik in der Industrie, Messunsicherheit, Messaufbau, u.v.m. behandelt.&nbsp;Gerne k\u00f6nnen Sie auch andere Themen&nbsp;an unser Haus richten.<\/p>\n\n\n\n<p>Unser voll klimatisierter Schulungsraum bietet gen\u00fcgend Platz, um Ihr Thema ausf\u00fchrlich zu diskutieren und eventuelle L\u00f6sungen aufzuzeigen. Wir kommen aber auch gerne in Ihr Unternehmen, um bei gr\u00f6\u00dferem Interesse diese Schulung in Ihrem Hause durchzuf\u00fchren. Durch&nbsp;die Zusammenarbeit mit&nbsp;Kooperationspartnern, Hochschulen und Instituten k\u00f6nnen wir&nbsp;eventuell auch eine L\u00f6sung&nbsp;f\u00fcr Ihre Problematik anbieten.<\/p>\n<\/div>\n<\/div>\n\n\n\n<p><strong>Ihre Anforderung ist f\u00fcr uns eine Herausforderung!<\/strong><\/p>\n","protected":false},"excerpt":{"rendered":"<p>Schulung Durch die langj\u00e4hrige Erfahrung der&nbsp;Mitarbeiter der LDH bieten wir auch Schulungen im Rahmen des Messwesens&nbsp;an.&nbsp;Es werden&nbsp;vorrangig die Themen von Messverfahren, Einsatz von Messtechnik in der Industrie, Messunsicherheit, Messaufbau, u.v.m. behandelt.&nbsp;Gerne k\u00f6nnen Sie auch andere Themen&nbsp;an unser Haus richten. Unser voll klimatisierter Schulungsraum bietet gen\u00fcgend Platz, um Ihr Thema ausf\u00fchrlich<\/p>\n","protected":false},"author":1,"featured_media":0,"parent":0,"menu_order":0,"comment_status":"closed","ping_status":"open","template":"","meta":[],"_links":{"self":[{"href":"https:\/\/ldh-kalibrierservice.de\/index.php?rest_route=\/wp\/v2\/pages\/115"}],"collection":[{"href":"https:\/\/ldh-kalibrierservice.de\/index.php?rest_route=\/wp\/v2\/pages"}],"about":[{"href":"https:\/\/ldh-kalibrierservice.de\/index.php?rest_route=\/wp\/v2\/types\/page"}],"author":[{"embeddable":true,"href":"https:\/\/ldh-kalibrierservice.de\/index.php?rest_route=\/wp\/v2\/users\/1"}],"replies":[{"embeddable":true,"href":"https:\/\/ldh-kalibrierservice.de\/index.php?rest_route=%2Fwp%2Fv2%2Fcomments&post=115"}],"version-history":[{"count":13,"href":"https:\/\/ldh-kalibrierservice.de\/index.php?rest_route=\/wp\/v2\/pages\/115\/revisions"}],"predecessor-version":[{"id":1178,"href":"https:\/\/ldh-kalibrierservice.de\/index.php?rest_route=\/wp\/v2\/pages\/115\/revisions\/1178"}],"wp:attachment":[{"href":"https:\/\/ldh-kalibrierservice.de\/index.php?rest_route=%2Fwp%2Fv2%2Fmedia&parent=115"}],"curies":[{"name":"wp","href":"https:\/\/api.w.org\/{rel}","templated":true}]}}